 of 496?
True
Is 292999 a multiple of 70?
False
Does 14 divide 47838?
True
Is 177138 a multiple of 26?
True
Is 4092 a multiple of 22?
True
Is 584 a factor of 503992?
True
Is 268 a factor of 2009913?
False
Is 8544468 a multiple of 107?
False
Is 860854 a multiple of 47?
False
Is 9495924 a multiple of 1006?
False
Is 4 a factor of 104345?
False
Is 60303 a multiple of 65?
False
Does 19 divide 190416?
False
Is 126009 a multiple of 117?
True
Does 304 divide 1384720?
True
Does 150 divide 472050?
True
Does 10 divide 4110082?
False
Does 172 divide 25284?
True
Does 176 divide 221760?
True
Is 7298328 a multiple of 13?
False
Is 15 a factor of 13588?
False
Is 6 a factor of 1689246?
True
Does 232 divide 698866?
False
Is 107 a factor of 1219?
False
Is 7 a factor of 554918?
True
Is 1536592 a multiple of 16?
True
Does 24 divide 370895?
False
Is 649 a factor of 217415?
True
Does 17 divide 25041?
True
Does 4 divide 17955?
False
Does 17 divide 481457?
True
Is 2548824 a multiple of 109?
False
Does 12 divide 632153?
False
Does 6 divide 872109?
False
Is 179738 a multiple of 31?
True
Is 1928016 a multiple of 18?
True
Is 13508 a multiple of 11?
True
Is 37041 a multiple of 15?
False
Is 24480 a multiple of 240?
True
Is 155 a factor of 101875?
False
Is 1919358 a multiple of 14?
True
Is 772648 a multiple of 29?
False
Is 3439176 a multiple of 584?
True
Does 96 divide 3924875?
False
Is 49647 a multiple of 20?
False
Does 10 divide 417040?
True
Is 440 a factor of 310200?
True
Is 8433213 a multiple of 1257?
True
Is 69 a factor of 51032?
False
Is 430 even?
True
Is 10287 a multiple of 3?
True
Is 12884298 a multiple of 47?
True
Is 1816362 a multiple of 339?
True
Is 397 a factor of 148478?
True
Is 1531 a factor of 4537208?
False
Is 149154 a multiple of 263?
False
Is 52 a factor of 177410?
False
Does 12 divide 891084?
True
Does 1615 divide 6235232?
False
Does 320 divide 2131520?
True
Does 163 divide 2594308?
True
Is 27 a multiple of 27?
True
Is 118455 a multiple of 11?
False
Is 199 a factor of 23482?
True
Is 814 even?
True
Does 4 divide 29472?
True
Is 12493470 a multiple of 138?
False
Does 30 divide 241380?
True
Is 1041463 a multiple of 388?
False
Is 627 a factor of 6823641?
True
Does 47 divide 1354399?
True
Is 61 a factor of 3524730?
False
Does 313 divide 696414?
False
Is 31 a factor of 4196?
False
Is 32 a factor of 1691082?
False
Is 222929 a multiple of 9?
False
Does 19 divide 322601?
True
Is 11309259 a multiple of 13?
True
Is 34 a factor of 616657?
False
Is 19422 a multiple of 13?
True
Does 101 divide 9666741?
False
Is 8853891 a multiple of 1312?
False
Does 258 divide 194292?
False
Does 179 divide 2688808?
False
Does 151 divide 247942?
True
Is 45 a factor of 200745?
True
Is 32 a factor of 1858387?
False
Does 32 divide 14072256?
True
Does 51 divide 11867078?
False
Does 607 divide 1498515?
False
Is 17329 a multiple of 13?
True
Is 3 a factor of 97170?
True
Is 787 a factor of 2361?
True
Is 52 a factor of 141418?
False
Is 82940 a multiple of 58?
True
Does 11 divide 1527229?
True
Is 197276 a multiple of 30?
False
Is 1344540 a multiple of 139?
False
Is 7622208 a multiple of 80?
False
Is 9005304 a multiple of 42?
True
Is 52488 a multiple of 243?
True
Is 29 a factor of 107619?
True
Does 200 divide 746801?
False
Is 655584 a multiple of 8?
True
Is 363 a factor of 993023?
False
Does 58 divide 662896?
False
Is 223650 a multiple of 45?
True
Is 1023700 a multiple of 20?
True
Does 21 divide 185987?
False
Is 9471 a multiple of 7?
True
Does 52 divide 253632?
False
Is 63 a factor of 5770670?
False
Is 616974 a multiple of 6?
True
Is 4620 a multiple of 35?
True
Does 312 divide 1989492?
False
Is 50 a factor of 513300?
True
Is 6 a factor of 701599?
False
Is 274137 a multiple of 29?
True
Does 31 divide 7868854?
True
Is 262610 a multiple of 49?
False
Is 2533615 a multiple of 1123?
False
Is 7044002 a multiple of 28?
False
Is 76 a factor of 542640?
True
Is 242080 a multiple of 17?
True
Is 231452 a multiple of 26?
True
Is 1836918 a multiple of 10?
False
Is 829836 a multiple of 444?
True
Is 103 a factor of 8239691?
True
Is 50 a factor of 1126900?
True
Is 22 a factor of 127292?
True
Is 370 a factor of 315521?
False
Is 10 a factor of 64970?
True
Is 7 a factor of 2890436?
False
Does 361 divide 275804?
True
Is 4 a factor of 3313624?
True
Is 2080212 a multiple of 23?
True
Does 92 divide 443992?
True
Is 26358 a multiple of 23?
True
Is 45 a factor of 8572604?
False
Is 21 a factor of 2872808?
False
Is 738506 a multiple of 88?
False
Does 156 divide 512144?
False
Is 10 a factor of 149006?
False
Is 3 a factor of 5009040?
True
Is 3 a factor of 840689?
False
Is 95367 even?
False
Is 322 a factor of 450156?
True
Does 132 divide 1097976?
True
Does 160 divide 136480?
True
Is 12 a factor of 3782083?
False
Is 14 a factor of 244923?
False
Is 2293652 a multiple of 428?
True
Is 507568 a multiple of 99?
False
Does 755 divide 6842482?
False
Does 18 divide 90738?
True
Is 471 a factor of 2795385?
True
Does 178 divide 270316?
False
Is 75552 a multiple of 4?
True
Is 76 a factor of 205428?
True
Is 465 a factor of 5522340?
True
Is 12 a factor of 1218420?
True
Is 22 a factor of 204208?
False
Does 14 divide 557382?
True
Is 678573 a multiple of 63?
True
Does 40 divide 63786?
False
Does 95 divide 162735?
True
Is 58 a factor of 2937394?
False
Is 898911 a multiple of 76?
False
Is 14 a factor of 182350?
True
Is 446955 a multiple of 29?
False
Does 288 divide 601262?
False
Does 12 divide 1620216?
True
Is 7 a factor of 134910?
False
Is 38 a factor of 91947?
False
Does 33 divide 12968353?
False
Is 4978637 a multiple of 16?
False
Is 34964 a multiple of 146?
False
Does 1076 divide 20166392?
True
Does 32 divide 11486176?
True
Is 609 a factor of 2142462?
True
Is 114 a factor of 122322?
True
Is 180814 a multiple of 30?
False
Is 96174 a multiple of 351?
True
Is 87 a factor of 3104451?
False
Is 49 a factor of 1543479?
False
Is 10 a factor of 668237?
False
Is 72772 a multiple of 28?
True
Is 40 a factor of 3251418?
False
Is 577419 a multiple of 863?
False
Does 99 divide 15566?
False
Is 24 a factor of 531576?
True
Is 18658 a multiple of 19?
True
Is 12 a factor of 2106924?
True
Is 10 a factor of 23977070?
True
Is 175 a factor of 2800?
True
Is 103 a factor of 453863?
False
Does 38 divide 271227?
False
Is 575 a factor of 2176415?
False
Is 12090513 a multiple of 14?
False
Is 335524 a multiple of 46?
True
Is 11 a factor of 56261?
False
Does 11 divide 19059297?
False
Does 315 divide 10122210?
True
Is 1040910 a multiple of 372?
False
Does 439 divide 3407079?
True
Is 171 a factor of 31292?
False
Is 2 a factor of 1098450?
True
Is 18 a factor of 1286388?
True
Is 1330175 a multiple of 210?
False
Is 240 a factor of 301284?
False
Is 10 a factor of 4564580?
True
Is 12 a factor of 389447?
False
Is 122 a factor of 10655395?
False
Is 7923963 a multiple of 44?
False
Is 125 a factor of 11831750?
True
Does 315 divide 768984?
False
Is 39062 a multiple of 47?
False
Does 254 divide 56388?
True
Is 240186 a multiple of 4?
False
Does 23 divide 299?
True
Is 300914 a multiple of 304?
False
Does 102 divide 71298?
True
Does 52 divide 1806588?
False
Is 3972370 a multiple of 10?
True
Is 17 a factor of 2667657?
True
Is 13899936 a multiple of 32?
True
Does 169 divide 4468433?
False
Is 498248 a multiple of 244?
True
Does 352 divide 8167796?
False
Is 14937 a multiple of 259?
False
Is 947528 a multiple of 19?
False
Is 7 a factor of 1490246?
False
Does 3 divide 363821?
False
Does 195 divide 36819?
False
Is 686392 a multiple of 103?
True
Is 858847 a multiple of 11?
True
Is 22 a factor of 373469?
False
Is 6515502 a multiple of 102?
False
Is 1456 a factor of 1192464?
True
Is 20520 a multiple of 456?
True
Does 146 divide 2314779?
False
Is 473756 a multiple of 52?
False
Is 13 a factor of 6472505?
True
Is 1737778 a multiple of 367?
False
Does 115 divide 119366?
False
Is 638026 a multiple of 121?
False
Is 18191403 a multiple of 620?
False
Is 110712 a multiple of 7?
True
Is 805506 a multiple of 26?
True
Does 377 divide 88595?
True
Does 46 divide 148300?
False
Is 681965 a multiple of 311?
False
Does 121 divide 254137?
False
Does 152 divide 2288129?
False
Is 53534 a multiple of 4?
False
Does 121 divide 115918?
True
Is 64978 a multiple of 106?
True
Is 109 a factor of 208600?
False
Is 665144 a multiple